
Let s(j) = j**2 - 13*j + 12. Suppose 3*p - 51 = 3*g, -21 = -3*p + g - 4*g. Determine s(p).
0
Let c(r) be the second derivative of -r**5/60 + r**2 - 2*r. Let m(h) be the first derivative of c(h). Determine m(2).
-4
Let i = 74 + -72. Let m(q) be the first derivative of -1/2*q**i - 1 + 0*q. Calculate m(4).
-4
Let o(p) = -p**2 + 6*p - 6. Let t be (-14)/5 + 3/(-15). Let h = t + 6. Let u = 1 + h. What is o(u)?
2
Let r(v) = v**3 + 6*v**2 + 2*v - 5. Suppose 4*w = 9*w + 80. Let x = -21 - w. Give r(x).
10
Let g(z) = z**3 + 5*z**2 + 3*z - 2. Let v be g(-4). Suppose -3*a = 2*c + 7, -v*c + 4*a = -0*a - 28. Let n = c - 4. Let r(l) = -l + 5. Determine r(n).
5
Let y(m) = 5*m**2 - 2*m + 1. Let a = 15 - 14. Determine y(a).
4
Suppose 24 = 2*f + 2*f. Let y(u) = -4*u + 5*u**2 + 11*u**2 - 15*u**2 - f. What is y(6)?
6
Suppose -2*c + 5*c - 28 = 2*n, -2*c + 37 = -5*n. Let k(g) = -g + 1. Calculate k(c).
-5
Let w(h) = h**3 + 4*h**2 - 1. Suppose -12*f - 10 = -7*f. What is w(f)?
7
Suppose 3*j - 10 = -5*z - 22, -5*j - 10 = 5*z. Let s(u) = u**3 + 3*u**2 - 2*u - 2. Give s(z).
4
Suppose 15 = 2*i + 3*i. Let g be 1/(2/(6 + -2)). Let w(h) = i*h + 0*h - g*h**2 + h - 2. Determine w(2).
-2
Let d(t) = t**2 + 1. Let r = 10 - 8. Let p be 10/(-6) + r/3. Determine d(p).
2
Let a(g) be the second derivative of -2*g**2 - g - 1/3*g**3 + 0. What is a(-3)?
2
Suppose 4*l = -12, 0 = 5*z - 0*l + l - 22. Let j = 2 + z. Suppose 3*q = 4*p + 8, 4*p - 2*q + j = p. Let t(c) = -c**2 - 4*c + 6. What is t(p)?
1
Let p(h) be the second derivative of h**5/4 - h**3/6 + h. Let v(o) = 0*o**2 - 3*o**2 + 4 + 0*o**3 + o**3 - o. Let b be v(3). Give p(b).
4
Let u(x) = 6*x**3 - 2*x**2 + x. Let o be u(1). Let l(z) = -1 - 2 + o*z - 15*z. Let v(f) = -5*f - 2. Let y(h) = -3*l(h) + 5*v(h). Give y(1).
4
Let v(j) = -8*j - 15*j - j**2 + 17*j + 4. Calculate v(-6).
4
Let l(p) be the first derivative of -p**4/4 + 3*p**3 - 5*p**2/2 - 11*p + 45. Determine l(8).
13
Let d(n) be the third derivative of -n**6/120 + 2*n**5/15 - n**4/24 + n**3/2 - 20*n**2. Calculate d(8).
-5
Let y be (-1)/1*(-3)/(-1). Let f(x) = -x**3 - 2*x**2 + 2*x - 2. Determine f(y).
1
Suppose n = 5*x - 19, -4*x = -5*x + 2*n + 11. Let b(q) = 4 + 1 - 3 + x - q. Give b(5).
0
Let z(j) = j**3 + 6*j**2 + 5*j + 2. Let s be z(-5). Suppose -2*d + o - 3 = s, 5 = -d - 2*o. Let k(l) = l**2 + l**3 - l + 0*l**3 + 2 - 2*l. Determine k(d).
-7
Let d(m) be the third derivative of m**6/10 + m**5/60 + 18*m**2. Calculate d(-1).
-11
Let s(c) be the third derivative of -1/120*c**6 + 0*c**3 + c**2 + 0 - 1/8*c**4 + 0*c**5 + 0*c. Let n(x) be the second derivative of s(x). Calculate n(1).
-6
Let n(g) be the second derivative of g**4/12 - 2*g**3/3 - 2*g**2 + 8*g. Calculate n(6).
8
Suppose -4*y + g = -3, 0 = 2*y - 0*y - 2*g. Let m(q) = -29*q - 1. Give m(y).
-30
Let w(k) = k - 15. Let i(x) = -1. Let a(q) = -5*i(q) + w(q). Calculate a(5).
-5
Let z(f) = -5*f + 2. Let j = 7 - 10. Determine z(j).
17
Let y(w) = w**3 - 9*w**2 + 3. Let q be y(9). Let s(d) be the third derivative of -d**4/24 + d**3/3 + 4*d**2. Calculate s(q).
-1
Suppose -4*f = -p, 3*f - 4*f + 3*p = 0. Let h = -1 + f. Let n(r) = -8*r**3 - 2*r - 1. Determine n(h).
9
Let m be 14/(-49) - (-4)/14. Let a be (3 - (m + 2))*0. Suppose 5*v + a*c = -c - 23, -2*v = c + 8. Let p(l) = l**2 + 4*l - 6. Determine p(v).
-1
Let z(f) = -8*f**2 + 1. Let x(c) = -c**2. Let a(h) = -6*x(h) + z(h). Let y(d) = -13*d**3 - 51*d**2 + 4*d - 2. Let u be y(-4). Give a(u).
-7
Let c(y) = -3*y - 26. Let z(a) = 2*a + 17. Let k(h) = 5*c(h) + 7*z(h). What is k(-8)?
-3
Let i(h) = h**3 + 3*h**2 + 2. Let y = -18 - -15. Calculate i(y).
2
Let a(j) = j**2 - j + 12. Let y be a(0). Let k = -8 + y. Let g(i) be the second derivative of -i**3/3 + 5*i**2/2 + i. Give g(k).
-3
Let d(x) = -7*x + x**2 + 0*x - 5 + 15*x - x. What is d(-7)?
-5
Let x(v) be the second derivative of -5*v**3/6 + 3*v**2 - 2*v. What is x(4)?
-14
Let l(m) = -m**2 + 1. Suppose c - 5 = -4*c. Let r(x) = -5 - 3*x + 13 - 7*x**2 + 2*x + 0*x. Let w(n) = c*r(n) - 6*l(n). Determine w(-3).
-4
Let s(d) = -d**3 - 6*d**2 - d - 4. Suppose -5*c = -0*c + b + 32, 0 = -2*c + 2*b - 8. Give s(c).
2
Let o(j) = j**2 - 4*j - 2. Let w(z) be the second derivative of z**4/12 - 5*z**3/6 - z**2 - 2*z. Let l(d) = -5*o(d) + 4*w(d). Give l(2).
-2
Let i be 2 + 3 + (-4 - -3). Let u(m) be the second derivative of -m**8/6720 + m**7/630 + m**4/4 + 3*m. Let l(g) be the third derivative of u(g). What is l(i)?
0
Let h be 33/(-2)*(-18)/27. Suppose 10*g = h*g - 2. Let o(b) = 2*b**3 - 2*b**2 + b - 1. Calculate o(g).
9
Suppose 0 = -t + 5*t - 16. Let u be (0 + -1)/(t/(-20)). Let g(w) = -2*w - 1. What is g(u)?
-11
Let q(d) = d - 7. Let i be ((-8)/(-5))/(14/70). What is q(i)?
1
Let i(k) be the third derivative of k**6/120 - 2*k**5/15 + 5*k**4/24 + 7*k**3/6 - 9*k**2. Calculate i(7).
-7
Let o(m) = m**2 + 6*m - 3. Suppose 2*t + 24 - 7 = 5*g, 0 = 5*t + 4*g - 40. Let p be 6/(-9)*42/t. What is o(p)?
4
Suppose 0 = 6*w - 5*w. Let k(z) = w*z - 3*z + 0*z - 3*z. What is k(-1)?
6
Suppose 5 = 4*z - 3. Let j(u) be the first derivative of u**4/2 - 4*u**3/3 + 2*u**2 - 3*u - 8. What is j(z)?
5
Let j(q) be the second derivative of -q**3/6 - 3*q**2/2 + 2*q. Let g(a) be the second derivative of -a**3/6 - a**2/2 + 2*a. Let y be g(-4). Calculate j(y).
-6
Let g(b) = -b**3 + 9*b**2 - 9*b + 8. Let t be 4 + (-6)/(-4 + (-10)/(-4)). What is g(t)?
0
Let x(t) = -t**3 + 8*t**2 - t + 6. Let u(h) be the second derivative of -h**4/12 - h**2/2 + 3*h. Let w(c) = -5*u(c) - x(c). Give w(3).
2
Let l be (-2 + 1)/(4/20). Let j(t) be the third derivative of t**6/120 + t**5/15 - t**4/6 + 5*t**3/6 + 5*t**2. Calculate j(l).
0
Let q(f) = 5*f + 2 - 1 - 2 - 4*f. Let b(x) = -2*x + 2. Let z(t) = -3*b(t) - 5*q(t). Give z(-3).
-4
Suppose q - 2*q + 5*k = -7, -4*q = -k - 9. Suppose 3 + 1 = -q*x. Let w(f) = 6 + 3*f - 3 - 137*f**3 + f + 136*f**3. What is w(x)?
3
Let m(a) = a**2 + 7*a - 2. Let d = -13 + 8. What is m(d)?
-12
Let v = 2 - 2. Let j(t) be the third derivative of -t**6/120 - t**4/24 - 2*t**3/3 - 2*t**2. Calculate j(v).
-4
Let d(k) = -k - 4. Let h = 36 - 18. Let j = h + -13. Let s be j + (1 - (5 - 2)). Calculate d(s).
-7
Let u be -4*(4 - 36/8). Let v(m) = -m + 1. What is v(u)?
-1
Let l(d) be the first derivative of -1/4*d**4 + 4*d + 5/3*d**3 + 5 - 3/2*d**2. What is l(5)?
-11
Suppose 0 = i - 0*p - 2*p - 10, 0 = 5*i + 4*p + 6. Suppose 0 = 2*d + 2*j + i, -5*j = -3*d + 29. Let k(f) = f - 4. Calculate k(d).
-1
Let f = -350 - -512. Suppose -u - u + f = 0. Let i be u/15 - (-3)/5. Let t(q) = -q + 10. Give t(i).
4
Let t(v) = -3*v**2 + 7*v. Let o(l) = -4*l**2 + 7*l. Let r(d) = 2*o(d) - 3*t(d). Calculate r(6).
-6
Let c(f) be the first derivative of 3*f**2/2 - 3*f + 9. Let w(s) = s**2 + s. Let h be w(1). Let n be (-1 + h)/(1/4). Give c(n).
9
Let h(o) = -o**3 + 5*o**2 - o + 6. Let i(r) = -r**3 + r**2 + 1. Let d(g) = h(g) - 2*i(g). Let n = -7 + 4. Calculate d(n).
7
Let i(v) = 3*v + 2. Let a(h) = -4*h - 2. Let q(l) = -2*a(l) - 3*i(l). Let w(y) = y - 5. Let x be w(0). Determine q(x).
3
Let l(t) = t + 10. Let s be l(-8). Let d(k) = -3 - 9*k + 6*k + 3 - k**s. Determine d(-3).
0
Let o = 25 + -23. Let v(x) = -x**3 + x**2 + x + 2. Calculate v(o).
0
Let m be (19 - 4) + (-8)/(-2). Let g(y) = 10 - 28 - 3*y + m. Calculate g(1).
-2
Let u(o) = -o**3 - 5*o**2 + 13*o - 5. Let k be u(-7). Let i(t) = t**3 - t + 1. Determine i(k).
7
Let b(h) = -2*h - 6. Let n(a) be the first derivative of -a**2/2 - 5*a - 2. Let r(w) = 2*b(w) - 3*n(w). Give r(0).
3
Let y(z) = 4 - 5 + 0 - z + 12. Determine y(6).
5
Let s(p) be the second derivative of 5/2*p**2 + p + 0 + 1/2*p**3 - 1/12*p**4. Give s(5).
-5
Let r(t) = -13 + t + 3 + 0*t**2 + 8 + t**2. Let h be (8/(-10))/(1/(-5)). Let s be 3/1*h/(-6). Calculate r(s).
0
Let i(t) = -6*t**2 + 14*t - 11. Let x(k) = -k**2 + 3*k - 2. Let o(a) = 2*i(a) - 11*x(a). Let p = 7 - 12. What is o(p)?
0
Let t(v) = -v - 7. Let x be 0/(-1*3) - 0. Let d be x*(-2 - (0 - 1)). Suppose 5*b = -2*g - d*g - 2, -b - 5*g = 5. Give t(b).
-7
Suppose 7*y = 3*y + c + 7, 4*y - 32 = -4*c. Suppose 0 = -2*l + y*h, h - 3 = 4*l - 13. Let u(b) = 3*b**l + 2*b**3 - 4*b**2 + 5*b**2 + 0*b**3. Determine u(1).
6
Let b(i) be the third derivative of -i**4/24 + i**3/6 - i**2. Let x = 14 - 18. Give b(x).
5
Suppose 7 = 9*j - 2. Let i(p) = -2*p**3 - p**2 